 577?
490
What is the remainder when 12286 is divided by 192?
190
Calculate the remainder when 347621 is divided by 971.
3
What is the remainder when 5023 is divided by 4?
3
Calculate the remainder when 15188 is divided by 15177.
11
Calculate the remainder when 26845 is divided by 4471.
19
What is the remainder when 275574 is divided by 137783?
8
What is the remainder when 932 is divided by 137?
110
Calculate the remainder when 2349 is divided by 714.
207
What is the remainder when 1240 is divided by 66?
52
What is the remainder when 657969 is divided by 18?
15
What is the remainder when 29306 is divided by 14644?
18
Calculate the remainder when 13864 is divided by 4617.
13
What is the remainder when 11899 is divided by 104?
43
Calculate the remainder when 9497 is divided by 23.
21
What is the remainder when 71526 is divided by 9?
3
Calculate the remainder when 6778 is divided by 3.
1
Calculate the remainder when 3061 is divided by 40.
21
Calculate the remainder when 2214 is divided by 2207.
7
Calculate the remainder when 395503 is divided by 169.
43
Calculate the remainder when 1577 is divided by 1414.
163
What is the remainder when 2450517 is divided by 45?
42
What is the remainder when 96239 is divided by 481?
39
Calculate the remainder when 7253 is divided by 61.
55
Calculate the remainder when 45670 is divided by 315.
310
Calculate the remainder when 34744 is divided by 76.
12
What is the remainder when 5517 is divided by 5?
2
What is the remainder when 51444 is divided by 8556?
108
What is the remainder when 259182 is divided by 86390?
12
Calculate the remainder when 1664 is divided by 137.
20
Calculate the remainder when 7700 is divided by 65.
30
Calculate the remainder when 175399 is divided by 13491.
16
What is the remainder when 8695 is divided by 870?
865
What is the remainder when 82398 is divided by 21?
15
What is the remainder when 10100 is divided by 24?
20
Calculate the remainder when 14121 is divided by 458.
381
Calculate the remainder when 1532 is divided by 1352.
180
What is the remainder when 84078 is divided by 1557?
0
What is the remainder when 238451 is divided by 389?
383
Calculate the remainder when 1757366 is divided by 171.
170
What is the remainder when 8968 is divided by 1474?
124
What is the remainder when 90484 is divided by 1587?
25
What is the remainder when 689925 is divided by 111?
60
Calculate the remainder when 58996 is divided by 589.
96
What is the remainder when 209906 is divided by 78?
8
What is the remainder when 5677 is divided by 1385?
137
Calculate the remainder when 994812 is divided by 38.
10
What is the remainder when 311495 is divided by 8?
7
Calculate the remainder when 245519 is divided by 40.
39
Calculate the remainder when 34574 is divided by 11512.
38
What is the remainder when 526396 is divided by 58?
46
What is the remainder when 4023 is divided by 503?
502
Calculate the remainder when 12516 is divided by 3129.
0
Calculate the remainder when 176878 is divided by 120.
118
Calculate the remainder when 5683 is divided by 70.
13
Calculate the remainder when 2603 is divided by 136.
19
What is the remainder when 38386 is divided by 1598?
34
What is the remainder when 3006609 is divided by 54?
51
Calculate the remainder when 4743 is divided by 673.
32
What is the remainder when 48865 is divided by 165?
25
Calculate the remainder when 51810 is divided by 49.
17
Calculate the remainder when 1902 is divided by 496.
414
What is the remainder when 10630 is divided by 597?
481
Calculate the remainder when 171753 is divided by 26.
23
What is the remainder when 1350107 is divided by 972?
971
Calculate the remainder when 4489 is divided by 1234.
787
What is the remainder when 2645 is divided by 510?
95
What is the remainder when 21168 is divided by 1429?
1162
What is the remainder when 74 is divided by 13?
9
Calculate the remainder when 1831 is divided by 63.
4
What is the remainder when 62080 is divided by 121?
7
Calculate the remainder when 53165 is divided by 217.
0
Calculate the remainder when 66494 is divided by 1090.
4
What is the remainder when 2755 is divided by 10?
5
What is the remainder when 4281 is divided by 8?
1
Calculate the remainder when 4889 is divided by 31.
22
What is the remainder when 3177 is divided by 1553?
71
What is the remainder when 292914 is divided by 1089?
1062
What is the remainder when 4063 is divided by 1009?
27
Calculate the remainder when 1676 is divided by 385.
136
What is the remainder when 1680 is divided by 1573?
107
What is the remainder when 411 is divided by 46?
43
What is the remainder when 18636 is divided by 582?
12
Calculate the remainder when 1031 is divided by 87.
74
Calculate the remainder when 38313 is divided by 9574.
17
What is the remainder when 714000 is divided by 46?
34
Calculate the remainder when 141107 is divided by 103.
100
Calculate the remainder when 541105 is divided by 627.
4
Calculate the remainder when 36803 is divided by 876.
11
What is the remainder when 43752 is divided by 43460?
292
What is the remainder when 10266 is divided by 6?
0
What is the remainder when 3511 is divided by 334?
171
What is the remainder when 5389 is divided by 83?
77
What is the remainder when 3454 is divided by 272?
190
Calculate the remainder when 17441 is divided by 193.
71
What is the remainder when 39351 is divided by 7868?
11
Calculate the remainder when 545521 is divided by 69.
7
Calculate the remainder when 65194 is divided by 17.
16
What is the remainder when 1800 is divided by 780?
240
What is the remainder when 61719 is divided by 1122?
9
What is the remainder when 6600 is divided by 474?
438
What is the remainder when 54873 is divided by 172?
5
Calculate the remainder when 50902 is divided by 212.
22
Calculate the remainder when 50618 is divided by 16850.
68
What is the remainder when 246458 is divided by 61613?
6
Calculate the remainder when 45147 is divided by 181.
78
What is the remainder when 75280 is divided by 13?
10
Calculate the remainder when 76252 is divided by 91.
85
Calculate the remainder when 703827 is divided by 10.
7
Calculate the remainder when 6603 is divided by 6587.
16
What is the remainder when 104061 is divided by 1577?
1556
What is the remainder when 3225884 is divided by 552?
548
Calculate the remainder when 439424 is divided by 21.
20
Calculate the remainder when 771095 is divided by 192769.
19
Calculate the remainder when 27673 is divided by 80.
73
Calculate the remainder when 275901 is divided by 12.
9
Calculate the remainder when 55024 is divided by 58.
40
What is the remainder when 138480 is divided by 621?
618
What is the remainder when 3879033 is divided by 42?
39
What is the remainder when 13902 is divided by 110?
42
What is the remainder when 341920 is divided by 485?
480
Calculate the remainder when 3773 is divided by 1730.
313
Calculate the remainder when 108729 is divided by 131.
130
What is the remainder when 21926 is divided by 10959?
8
Calculate the remainder when 685 is divided by 270.
145
Calculate the remainder when 94858 is divided by 186.
184
Calculate the remainder when 1088112 is divided by 35.
32
Calculate the remainder when 19668 is divided by 66.
0
What is the remainder when 33125 is divided by 33005?
120
Calculate the remainder when 77855 is divided by 469.
1
What is the remainder when 49367 is divided by 897?
32
Calculate the remainder when 4951490 is divided by 446.
444
Calculate the remainder when 35556 is divided by 37.
36
Calculate the remainder when 100220 is divided by 232.
228
What is the remainder when 2441 is divided by 1214?
13
Calculate the remainder when 1579 is divided by 433.
280
What is the remainder when 105297 is divided by 15?
12
What is the remainder when 6314 is divided by 6258?
56
Calculate the remainder when 3812 is divided by 848.
420
What is the remainder when 4178 is divided by 526?
496
What is the remainder when 5638 is divided by 1123?
23
Calculate the remainder when 7471 is divided by 765.
586
Calculate the remainder when 8175 is divided by 2038.
23
What is the remainder when 102593 is divided by 51293?
7
What is the remainder when 5243 is divided by 506?
183
What is the remainder when 3199 is divided by 1048?
55
What is the remainder when 4443 is divided by 178?
171
